{"id":7474,"date":"2025-06-12T14:20:29","date_gmt":"2025-06-12T12:20:29","guid":{"rendered":"https:\/\/lafermedes3pommes.fr\/?page_id=7474"},"modified":"2025-07-17T11:27:40","modified_gmt":"2025-07-17T09:27:40","slug":"evenements","status":"publish","type":"page","link":"https:\/\/lafermedes3pommes.fr\/index.php\/evenements\/","title":{"rendered":"\u00c9v\u00e8nements"},"content":{"rendered":"\t\t<div data-elementor-type=\"wp-page\" data-elementor-id=\"7474\" class=\"elementor elementor-7474\">\n\t\t\t\t<div class=\"elementor-element elementor-element-45ab6f7 e-con-full e-flex e-con e-parent\" data-id=\"45ab6f7\" data-element_type=\"container\" data-settings=\"{&quot;background_background&quot;:&quot;classic&quot;,&quot;animation&quot;:&quot;none&quot;}\">\n\t\t\t\t<\/div>\n\t\t<div class=\"elementor-element elementor-element-7712755 e-con-full e-flex e-con e-parent\" data-id=\"7712755\" data-element_type=\"container\" data-settings=\"{&quot;background_background&quot;:&quot;classic&quot;}\">\n\t\t\t\t<div class=\"elementor-element elementor-element-fbdabb4 elementor-widget elementor-widget-image\" data-id=\"fbdabb4\" data-element_type=\"widget\" data-widget_type=\"image.default\">\n\t\t\t\t<div class=\"elementor-widget-container\">\n\t\t\t\t\t\t\t\t\t\t\t\t\t\t\t<img fetchpriority=\"high\" decoding=\"async\" width=\"1536\" height=\"334\" src=\"https:\/\/lafermedes3pommes.fr\/wp-content\/uploads\/2025\/06\/ferme-3-pommes-evenements.jpg\" class=\"attachment-full size-full wp-image-7476\" alt=\"\" srcset=\"https:\/\/lafermedes3pommes.fr\/wp-content\/uploads\/2025\/06\/ferme-3-pommes-evenements.jpg 1536w, https:\/\/lafermedes3pommes.fr\/wp-content\/uploads\/2025\/06\/ferme-3-pommes-evenements-300x65.jpg 300w, https:\/\/lafermedes3pommes.fr\/wp-content\/uploads\/2025\/06\/ferme-3-pommes-evenements-1024x223.jpg 1024w, https:\/\/lafermedes3pommes.fr\/wp-content\/uploads\/2025\/06\/ferme-3-pommes-evenements-600x130.jpg 600w, https:\/\/lafermedes3pommes.fr\/wp-content\/uploads\/2025\/06\/ferme-3-pommes-evenements-1200x261.jpg 1200w\" sizes=\"100vw\" \/>\t\t\t\t\t\t\t\t\t\t\t\t\t\t\t<\/div>\n\t\t\t\t<\/div>\n\t\t\t\t<\/div>\n\t\t<div class=\"elementor-element elementor-element-7fb95dc e-con-full e-flex e-con e-parent\" data-id=\"7fb95dc\" data-element_type=\"container\" data-settings=\"{&quot;background_background&quot;:&quot;classic&quot;}\">\n\t\t<div class=\"elementor-element elementor-element-63f54c5 e-con-full e-flex e-con e-child\" data-id=\"63f54c5\" data-element_type=\"container\">\n\t\t\t\t<div class=\"elementor-element elementor-element-29e9351 elementor-widget__width-inherit elementor-widget elementor-widget-text-editor\" data-id=\"29e9351\" data-element_type=\"widget\" data-widget_type=\"text-editor.default\">\n\t\t\t\t<div class=\"elementor-widget-container\">\n\t\t\t\t\t\t\t\t\t<h1><b>Les \u00c9v\u00e8nements \u00e0 la ferme<\/b><\/h1>\t\t\t\t\t\t\t\t<\/div>\n\t\t\t\t<\/div>\n\t\t\t\t<\/div>\n\t\t\t\t<\/div>\n\t\t<div class=\"elementor-element elementor-element-34eb75c e-con-full e-flex e-con e-parent\" data-id=\"34eb75c\" data-element_type=\"container\" data-settings=\"{&quot;background_background&quot;:&quot;classic&quot;}\">\n\t\t<div class=\"elementor-element elementor-element-8211136 e-con-full e-flex e-con e-child\" data-id=\"8211136\" data-element_type=\"container\" data-settings=\"{&quot;background_background&quot;:&quot;classic&quot;}\">\n\t\t\t\t<div class=\"elementor-element elementor-element-a458d42 elementor-widget__width-inherit elementor-widget elementor-widget-text-editor\" data-id=\"a458d42\" data-element_type=\"widget\" data-widget_type=\"text-editor.default\">\n\t\t\t\t<div class=\"elementor-widget-container\">\n\t\t\t\t\t\t\t\t\t<h1><strong style=\"font-size: 1.5rem;\">DIMANCHE 15 JUIN 2025 &#8211; 10H &gt; 19H : REPAS CHAMP\u00caTRE<\/strong><\/h1><p><strong>Pour les adultes :<\/strong> Jambon frites Salade tarte, boisson (16\u20ac)<br \/><strong>Pour les enfants :<\/strong> Saucisses, Frites, fraises, boisson (5\u20ac)\u00a0<\/p><p><strong><em>D\u00e9fil\u00e9 de mode de v\u00eatements en lin, <\/em><\/strong><br \/><strong><em>Ballade en tracteur, dans les champs, <\/em><\/strong><br \/><strong><em>Animations pour les enfants, D\u00e9gustations avec les Chefs en Nord, <\/em><\/strong><br \/><strong><em>March\u00e9 fermier&#8230;<\/em><\/strong><\/p><p><b>R\u00e9servation :<\/b>\u00a0<a href=\"mailto:contact@lafermedes3pommes.fr\">contact@lafermedes3pommes.fr<\/a>\u00a0\/ 06 88 68 17 73<\/p>\t\t\t\t\t\t\t\t<\/div>\n\t\t\t\t<\/div>\n\t\t\t\t<div class=\"elementor-element elementor-element-4f1feec elementor-align-center elementor-widget elementor-widget-button\" data-id=\"4f1feec\" data-element_type=\"widget\" data-widget_type=\"button.default\">\n\t\t\t\t<div class=\"elementor-widget-container\">\n\t\t\t\t\t\t\t\t\t<div class=\"elementor-button-wrapper\">\n\t\t\t\t\t<a class=\"elementor-button elementor-button-link elementor-size-sm\" href=\"http:\/\/lafermedes3pommes.fr\/wp-content\/uploads\/2025\/06\/Flyer-JPO-2025-comp.pdf\" target=\"_blank\">\n\t\t\t\t\t\t<span class=\"elementor-button-content-wrapper\">\n\t\t\t\t\t\t\t\t\t<span class=\"elementor-button-text\">T\u00e9l\u00e9charger le PDF<\/span>\n\t\t\t\t\t<\/span>\n\t\t\t\t\t<\/a>\n\t\t\t\t<\/div>\n\t\t\t\t\t\t\t\t<\/div>\n\t\t\t\t<\/div>\n\t\t\t\t<div class=\"elementor-element elementor-element-1138598 elementor-widget elementor-widget-wpzoom-elementor-addons-carousel\" data-id=\"1138598\" data-element_type=\"widget\" data-settings=\"{&quot;animation_speed&quot;:300,&quot;autoplay&quot;:&quot;yes&quot;,&quot;autoplay_speed&quot;:3000,&quot;loop&quot;:&quot;yes&quot;,&quot;navigation&quot;:&quot;arrow&quot;,&quot;slides_to_show&quot;:4,&quot;slides_to_show_tablet&quot;:3,&quot;slides_to_show_mobile&quot;:2}\" data-widget_type=\"wpzoom-elementor-addons-carousel.default\">\n\t\t\t\t<div class=\"elementor-widget-container\">\n\t\t\t\t\t<div class=\"wpzjs-slick wpz-slick wpz-slick--carousel\">\n\n\t\t\t\n\t\t\t\t<div class=\"wpz-slick-slide\">\n\t\t\t\t\t<div class=\"wpz-slick-item\">\n\t\t\t\t\t\t\t\t\t\t\t\t\t<img decoding=\"async\" class=\"wpz-slick-img\" src=\"https:\/\/lafermedes3pommes.fr\/wp-content\/uploads\/2025\/07\/ferme-3-pommes-evenements-repaschampetre11.jpg\" alt=\"\">\n\t\t\t\t\t\t\n\t\t\t\t\t\t\t\t\t\t\t<\/div>\n\t\t\t\t<\/div>\n\n\t\t\t\n\t\t\t\t<div class=\"wpz-slick-slide\">\n\t\t\t\t\t<div class=\"wpz-slick-item\">\n\t\t\t\t\t\t\t\t\t\t\t\t\t<img decoding=\"async\" class=\"wpz-slick-img\" src=\"https:\/\/lafermedes3pommes.fr\/wp-content\/uploads\/2025\/07\/ferme-3-pommes-evenements-repaschampetre6.jpg\" alt=\"\">\n\t\t\t\t\t\t\n\t\t\t\t\t\t\t\t\t\t\t<\/div>\n\t\t\t\t<\/div>\n\n\t\t\t\n\t\t\t\t<div class=\"wpz-slick-slide\">\n\t\t\t\t\t<div class=\"wpz-slick-item\">\n\t\t\t\t\t\t\t\t\t\t\t\t\t<img decoding=\"async\" class=\"wpz-slick-img\" src=\"https:\/\/lafermedes3pommes.fr\/wp-content\/uploads\/2025\/07\/ferme-3-pommes-evenements-repaschampetre1.jpg\" alt=\"\">\n\t\t\t\t\t\t\n\t\t\t\t\t\t\t\t\t\t\t<\/div>\n\t\t\t\t<\/div>\n\n\t\t\t\n\t\t\t\t<div class=\"wpz-slick-slide\">\n\t\t\t\t\t<div class=\"wpz-slick-item\">\n\t\t\t\t\t\t\t\t\t\t\t\t\t<img decoding=\"async\" class=\"wpz-slick-img\" src=\"https:\/\/lafermedes3pommes.fr\/wp-content\/uploads\/2025\/07\/ferme-3-pommes-evenements-repaschampetre10.jpg\" alt=\"\">\n\t\t\t\t\t\t\n\t\t\t\t\t\t\t\t\t\t\t<\/div>\n\t\t\t\t<\/div>\n\n\t\t\t\n\t\t\t\t<div class=\"wpz-slick-slide\">\n\t\t\t\t\t<div class=\"wpz-slick-item\">\n\t\t\t\t\t\t\t\t\t\t\t\t\t<img decoding=\"async\" class=\"wpz-slick-img\" src=\"https:\/\/lafermedes3pommes.fr\/wp-content\/uploads\/2025\/07\/ferme-3-pommes-evenements-repaschampetre9.jpg\" alt=\"\">\n\t\t\t\t\t\t\n\t\t\t\t\t\t\t\t\t\t\t<\/div>\n\t\t\t\t<\/div>\n\n\t\t\t\n\t\t\t\t<div class=\"wpz-slick-slide\">\n\t\t\t\t\t<div class=\"wpz-slick-item\">\n\t\t\t\t\t\t\t\t\t\t\t\t\t<img decoding=\"async\" class=\"wpz-slick-img\" src=\"https:\/\/lafermedes3pommes.fr\/wp-content\/uploads\/2025\/07\/ferme-3-pommes-evenements-repaschampetre8.jpg\" alt=\"\">\n\t\t\t\t\t\t\n\t\t\t\t\t\t\t\t\t\t\t<\/div>\n\t\t\t\t<\/div>\n\n\t\t\t\n\t\t\t\t<div class=\"wpz-slick-slide\">\n\t\t\t\t\t<div class=\"wpz-slick-item\">\n\t\t\t\t\t\t\t\t\t\t\t\t\t<img decoding=\"async\" class=\"wpz-slick-img\" src=\"https:\/\/lafermedes3pommes.fr\/wp-content\/uploads\/2025\/07\/ferme-3-pommes-evenements-repaschampetre7.jpg\" alt=\"\">\n\t\t\t\t\t\t\n\t\t\t\t\t\t\t\t\t\t\t<\/div>\n\t\t\t\t<\/div>\n\n\t\t\t\n\t\t\t\t<div class=\"wpz-slick-slide\">\n\t\t\t\t\t<div class=\"wpz-slick-item\">\n\t\t\t\t\t\t\t\t\t\t\t\t\t<img decoding=\"async\" class=\"wpz-slick-img\" src=\"https:\/\/lafermedes3pommes.fr\/wp-content\/uploads\/2025\/07\/ferme-3-pommes-evenements-repaschampetre3.jpg\" alt=\"\">\n\t\t\t\t\t\t\n\t\t\t\t\t\t\t\t\t\t\t<\/div>\n\t\t\t\t<\/div>\n\n\t\t\t\n\t\t\t\t<div class=\"wpz-slick-slide\">\n\t\t\t\t\t<div class=\"wpz-slick-item\">\n\t\t\t\t\t\t\t\t\t\t\t\t\t<img decoding=\"async\" class=\"wpz-slick-img\" src=\"https:\/\/lafermedes3pommes.fr\/wp-content\/uploads\/2025\/07\/ferme-3-pommes-evenements-repaschampetre5.jpg\" alt=\"\">\n\t\t\t\t\t\t\n\t\t\t\t\t\t\t\t\t\t\t<\/div>\n\t\t\t\t<\/div>\n\n\t\t\t\n\t\t\t\t<div class=\"wpz-slick-slide\">\n\t\t\t\t\t<div class=\"wpz-slick-item\">\n\t\t\t\t\t\t\t\t\t\t\t\t\t<img decoding=\"async\" class=\"wpz-slick-img\" src=\"https:\/\/lafermedes3pommes.fr\/wp-content\/uploads\/2025\/07\/ferme-3-pommes-evenements-repaschampetre2.jpg\" alt=\"\">\n\t\t\t\t\t\t\n\t\t\t\t\t\t\t\t\t\t\t<\/div>\n\t\t\t\t<\/div>\n\n\t\t\t\n\t\t<\/div>\n\n\t\t\t\t\t<button type=\"button\" class=\"slick-prev\"><svg aria-hidden=\"true\" class=\"e-font-icon-svg e-fas-chevron-left\" viewBox=\"0 0 320 512\" xmlns=\"http:\/\/www.w3.org\/2000\/svg\"><path d=\"M34.52 239.03L228.87 44.69c9.37-9.37 24.57-9.37 33.94 0l22.67 22.67c9.36 9.36 9.37 24.52.04 33.9L131.49 256l154.02 154.75c9.34 9.38 9.32 24.54-.04 33.9l-22.67 22.67c-9.37 9.37-24.57 9.37-33.94 0L34.52 272.97c-9.37-9.37-9.37-24.57 0-33.94z\"><\/path><\/svg><\/button>\n\t\t\n\t\t\t\t\t<button type=\"button\" class=\"slick-next\"><svg aria-hidden=\"true\" class=\"e-font-icon-svg e-fas-chevron-right\" viewBox=\"0 0 320 512\" xmlns=\"http:\/\/www.w3.org\/2000\/svg\"><path d=\"M285.476 272.971L91.132 467.314c-9.373 9.373-24.569 9.373-33.941 0l-22.667-22.667c-9.357-9.357-9.375-24.522-.04-33.901L188.505 256 34.484 101.255c-9.335-9.379-9.317-24.544.04-33.901l22.667-22.667c9.373-9.373 24.569-9.373 33.941 0L285.475 239.03c9.373 9.372 9.373 24.568.001 33.941z\"><\/path><\/svg><\/button>\n\t\t\n\t\t\t\t\t\t<\/div>\n\t\t\t\t<\/div>\n\t\t\t\t<\/div>\n\t\t\t\t<\/div>\n\t\t\t\t<\/div>\n\t\t","protected":false},"excerpt":{"rendered":"<p>Les \u00c9v\u00e8nements \u00e0 la ferme DIMANCHE 15 JUIN 2025 &#8211; 10H &gt; 19H : REPAS CHAMP\u00caTRE Pour les adultes : Jambon frites Salade tarte, boisson (16\u20ac)Pour les enfants : Saucisses, Frites, fraises, boisson (5\u20ac)\u00a0 D\u00e9fil\u00e9 de mode de v\u00eatements en lin, Ballade en tracteur, dans les champs, Animations pour les enfants, D\u00e9gustations avec les Chefs &hellip; <\/p>\n<p class=\"link-more\"><a href=\"https:\/\/lafermedes3pommes.fr\/index.php\/evenements\/\" class=\"more-link\">Lire la suite de<span class=\"screen-reader-text\">\u00ab\u00a0\u00c9v\u00e8nements\u00a0\u00bb<\/span><\/a><\/p>\n","protected":false},"author":1,"featured_media":0,"parent":0,"menu_order":0,"comment_status":"closed","ping_status":"closed","template":"elementor_header_footer","meta":{"footnotes":""},"class_list":["post-7474","page","type-page","status-publish","hentry"],"yoast_head":"<!-- This site is optimized with the Yoast SEO plugin v25.2 - https:\/\/yoast.com\/wordpress\/plugins\/seo\/ -->\n<title>\u00c9v\u00e8nements - La Ferme des 3 pommes<\/title>\n<meta name=\"robots\" content=\"index, follow, max-snippet:-1, max-image-preview:large, max-video-preview:-1\" \/>\n<link rel=\"canonical\" href=\"https:\/\/lafermedes3pommes.fr\/index.php\/evenements\/\" \/>\n<meta property=\"og:locale\" content=\"fr_FR\" \/>\n<meta property=\"og:type\" content=\"article\" \/>\n<meta property=\"og:title\" content=\"\u00c9v\u00e8nements - La Ferme des 3 pommes\" \/>\n<meta property=\"og:description\" content=\"Les \u00c9v\u00e8nements \u00e0 la ferme DIMANCHE 15 JUIN 2025 &#8211; 10H &gt; 19H : REPAS CHAMP\u00caTRE Pour les adultes : Jambon frites Salade tarte, boisson (16\u20ac)Pour les enfants : Saucisses, Frites, fraises, boisson (5\u20ac)\u00a0 D\u00e9fil\u00e9 de mode de v\u00eatements en lin, Ballade en tracteur, dans les champs, Animations pour les enfants, D\u00e9gustations avec les Chefs &hellip; Lire la suite de\u00ab\u00a0\u00c9v\u00e8nements\u00a0\u00bb\" \/>\n<meta property=\"og:url\" content=\"https:\/\/lafermedes3pommes.fr\/index.php\/evenements\/\" \/>\n<meta property=\"og:site_name\" content=\"La Ferme des 3 pommes\" \/>\n<meta property=\"article:modified_time\" content=\"2025-07-17T09:27:40+00:00\" \/>\n<meta property=\"og:image\" content=\"http:\/\/lafermedes3pommes.fr\/wp-content\/uploads\/2025\/06\/ferme-3-pommes-evenements.jpg\" \/>\n<meta name=\"twitter:card\" content=\"summary_large_image\" \/>\n<meta name=\"twitter:label1\" content=\"Dur\u00e9e de lecture estim\u00e9e\" \/>\n\t<meta name=\"twitter:data1\" content=\"6 minutes\" \/>\n<script type=\"application\/ld+json\" class=\"yoast-schema-graph\">{\"@context\":\"https:\/\/schema.org\",\"@graph\":[{\"@type\":\"WebPage\",\"@id\":\"https:\/\/lafermedes3pommes.fr\/index.php\/evenements\/\",\"url\":\"https:\/\/lafermedes3pommes.fr\/index.php\/evenements\/\",\"name\":\"\u00c9v\u00e8nements - La Ferme des 3 pommes\",\"isPartOf\":{\"@id\":\"https:\/\/lafermedes3pommes.fr\/#website\"},\"primaryImageOfPage\":{\"@id\":\"https:\/\/lafermedes3pommes.fr\/index.php\/evenements\/#primaryimage\"},\"image\":{\"@id\":\"https:\/\/lafermedes3pommes.fr\/index.php\/evenements\/#primaryimage\"},\"thumbnailUrl\":\"http:\/\/lafermedes3pommes.fr\/wp-content\/uploads\/2025\/06\/ferme-3-pommes-evenements.jpg\",\"datePublished\":\"2025-06-12T12:20:29+00:00\",\"dateModified\":\"2025-07-17T09:27:40+00:00\",\"breadcrumb\":{\"@id\":\"https:\/\/lafermedes3pommes.fr\/index.php\/evenements\/#breadcrumb\"},\"inLanguage\":\"fr-FR\",\"potentialAction\":[{\"@type\":\"ReadAction\",\"target\":[\"https:\/\/lafermedes3pommes.fr\/index.php\/evenements\/\"]}]},{\"@type\":\"ImageObject\",\"inLanguage\":\"fr-FR\",\"@id\":\"https:\/\/lafermedes3pommes.fr\/index.php\/evenements\/#primaryimage\",\"url\":\"https:\/\/lafermedes3pommes.fr\/wp-content\/uploads\/2025\/06\/ferme-3-pommes-evenements.jpg\",\"contentUrl\":\"https:\/\/lafermedes3pommes.fr\/wp-content\/uploads\/2025\/06\/ferme-3-pommes-evenements.jpg\",\"width\":1536,\"height\":334},{\"@type\":\"BreadcrumbList\",\"@id\":\"https:\/\/lafermedes3pommes.fr\/index.php\/evenements\/#breadcrumb\",\"itemListElement\":[{\"@type\":\"ListItem\",\"position\":1,\"name\":\"Accueil\",\"item\":\"https:\/\/lafermedes3pommes.fr\/\"},{\"@type\":\"ListItem\",\"position\":2,\"name\":\"\u00c9v\u00e8nements\"}]},{\"@type\":\"WebSite\",\"@id\":\"https:\/\/lafermedes3pommes.fr\/#website\",\"url\":\"https:\/\/lafermedes3pommes.fr\/\",\"name\":\"La Ferme des 3 pommes\",\"description\":\"\",\"publisher\":{\"@id\":\"https:\/\/lafermedes3pommes.fr\/#organization\"},\"potentialAction\":[{\"@type\":\"SearchAction\",\"target\":{\"@type\":\"EntryPoint\",\"urlTemplate\":\"https:\/\/lafermedes3pommes.fr\/?s={search_term_string}\"},\"query-input\":{\"@type\":\"PropertyValueSpecification\",\"valueRequired\":true,\"valueName\":\"search_term_string\"}}],\"inLanguage\":\"fr-FR\"},{\"@type\":\"Organization\",\"@id\":\"https:\/\/lafermedes3pommes.fr\/#organization\",\"name\":\"La Ferme des 3 pommes\",\"url\":\"https:\/\/lafermedes3pommes.fr\/\",\"logo\":{\"@type\":\"ImageObject\",\"inLanguage\":\"fr-FR\",\"@id\":\"https:\/\/lafermedes3pommes.fr\/#\/schema\/logo\/image\/\",\"url\":\"https:\/\/lafermedes3pommes.fr\/wp-content\/uploads\/2025\/05\/cropped-logo-ferme-des-3-pommes-2.png\",\"contentUrl\":\"https:\/\/lafermedes3pommes.fr\/wp-content\/uploads\/2025\/05\/cropped-logo-ferme-des-3-pommes-2.png\",\"width\":702,\"height\":162,\"caption\":\"La Ferme des 3 pommes\"},\"image\":{\"@id\":\"https:\/\/lafermedes3pommes.fr\/#\/schema\/logo\/image\/\"}}]}<\/script>\n<!-- \/ Yoast SEO plugin. -->","yoast_head_json":{"title":"\u00c9v\u00e8nements - La Ferme des 3 pommes","robots":{"index":"index","follow":"follow","max-snippet":"max-snippet:-1","max-image-preview":"max-image-preview:large","max-video-preview":"max-video-preview:-1"},"canonical":"https:\/\/lafermedes3pommes.fr\/index.php\/evenements\/","og_locale":"fr_FR","og_type":"article","og_title":"\u00c9v\u00e8nements - La Ferme des 3 pommes","og_description":"Les \u00c9v\u00e8nements \u00e0 la ferme DIMANCHE 15 JUIN 2025 &#8211; 10H &gt; 19H : REPAS CHAMP\u00caTRE Pour les adultes : Jambon frites Salade tarte, boisson (16\u20ac)Pour les enfants : Saucisses, Frites, fraises, boisson (5\u20ac)\u00a0 D\u00e9fil\u00e9 de mode de v\u00eatements en lin, Ballade en tracteur, dans les champs, Animations pour les enfants, D\u00e9gustations avec les Chefs &hellip; Lire la suite de\u00ab\u00a0\u00c9v\u00e8nements\u00a0\u00bb","og_url":"https:\/\/lafermedes3pommes.fr\/index.php\/evenements\/","og_site_name":"La Ferme des 3 pommes","article_modified_time":"2025-07-17T09:27:40+00:00","og_image":[{"url":"http:\/\/lafermedes3pommes.fr\/wp-content\/uploads\/2025\/06\/ferme-3-pommes-evenements.jpg","type":"","width":"","height":""}],"twitter_card":"summary_large_image","twitter_misc":{"Dur\u00e9e de lecture estim\u00e9e":"6 minutes"},"schema":{"@context":"https:\/\/schema.org","@graph":[{"@type":"WebPage","@id":"https:\/\/lafermedes3pommes.fr\/index.php\/evenements\/","url":"https:\/\/lafermedes3pommes.fr\/index.php\/evenements\/","name":"\u00c9v\u00e8nements - La Ferme des 3 pommes","isPartOf":{"@id":"https:\/\/lafermedes3pommes.fr\/#website"},"primaryImageOfPage":{"@id":"https:\/\/lafermedes3pommes.fr\/index.php\/evenements\/#primaryimage"},"image":{"@id":"https:\/\/lafermedes3pommes.fr\/index.php\/evenements\/#primaryimage"},"thumbnailUrl":"http:\/\/lafermedes3pommes.fr\/wp-content\/uploads\/2025\/06\/ferme-3-pommes-evenements.jpg","datePublished":"2025-06-12T12:20:29+00:00","dateModified":"2025-07-17T09:27:40+00:00","breadcrumb":{"@id":"https:\/\/lafermedes3pommes.fr\/index.php\/evenements\/#breadcrumb"},"inLanguage":"fr-FR","potentialAction":[{"@type":"ReadAction","target":["https:\/\/lafermedes3pommes.fr\/index.php\/evenements\/"]}]},{"@type":"ImageObject","inLanguage":"fr-FR","@id":"https:\/\/lafermedes3pommes.fr\/index.php\/evenements\/#primaryimage","url":"https:\/\/lafermedes3pommes.fr\/wp-content\/uploads\/2025\/06\/ferme-3-pommes-evenements.jpg","contentUrl":"https:\/\/lafermedes3pommes.fr\/wp-content\/uploads\/2025\/06\/ferme-3-pommes-evenements.jpg","width":1536,"height":334},{"@type":"BreadcrumbList","@id":"https:\/\/lafermedes3pommes.fr\/index.php\/evenements\/#breadcrumb","itemListElement":[{"@type":"ListItem","position":1,"name":"Accueil","item":"https:\/\/lafermedes3pommes.fr\/"},{"@type":"ListItem","position":2,"name":"\u00c9v\u00e8nements"}]},{"@type":"WebSite","@id":"https:\/\/lafermedes3pommes.fr\/#website","url":"https:\/\/lafermedes3pommes.fr\/","name":"La Ferme des 3 pommes","description":"","publisher":{"@id":"https:\/\/lafermedes3pommes.fr\/#organization"},"potentialAction":[{"@type":"SearchAction","target":{"@type":"EntryPoint","urlTemplate":"https:\/\/lafermedes3pommes.fr\/?s={search_term_string}"},"query-input":{"@type":"PropertyValueSpecification","valueRequired":true,"valueName":"search_term_string"}}],"inLanguage":"fr-FR"},{"@type":"Organization","@id":"https:\/\/lafermedes3pommes.fr\/#organization","name":"La Ferme des 3 pommes","url":"https:\/\/lafermedes3pommes.fr\/","logo":{"@type":"ImageObject","inLanguage":"fr-FR","@id":"https:\/\/lafermedes3pommes.fr\/#\/schema\/logo\/image\/","url":"https:\/\/lafermedes3pommes.fr\/wp-content\/uploads\/2025\/05\/cropped-logo-ferme-des-3-pommes-2.png","contentUrl":"https:\/\/lafermedes3pommes.fr\/wp-content\/uploads\/2025\/05\/cropped-logo-ferme-des-3-pommes-2.png","width":702,"height":162,"caption":"La Ferme des 3 pommes"},"image":{"@id":"https:\/\/lafermedes3pommes.fr\/#\/schema\/logo\/image\/"}}]}},"featured_media_urls":[],"_links":{"self":[{"href":"https:\/\/lafermedes3pommes.fr\/index.php\/wp-json\/wp\/v2\/pages\/7474","targetHints":{"allow":["GET"]}}],"collection":[{"href":"https:\/\/lafermedes3pommes.fr\/index.php\/wp-json\/wp\/v2\/pages"}],"about":[{"href":"https:\/\/lafermedes3pommes.fr\/index.php\/wp-json\/wp\/v2\/types\/page"}],"author":[{"embeddable":true,"href":"https:\/\/lafermedes3pommes.fr\/index.php\/wp-json\/wp\/v2\/users\/1"}],"replies":[{"embeddable":true,"href":"https:\/\/lafermedes3pommes.fr\/index.php\/wp-json\/wp\/v2\/comments?post=7474"}],"version-history":[{"count":13,"href":"https:\/\/lafermedes3pommes.fr\/index.php\/wp-json\/wp\/v2\/pages\/7474\/revisions"}],"predecessor-version":[{"id":7658,"href":"https:\/\/lafermedes3pommes.fr\/index.php\/wp-json\/wp\/v2\/pages\/7474\/revisions\/7658"}],"wp:attachment":[{"href":"https:\/\/lafermedes3pommes.fr\/index.php\/wp-json\/wp\/v2\/media?parent=7474"}],"curies":[{"name":"wp","href":"https:\/\/api.w.org\/{rel}","templated":true}]}}